*2 - 31*j + 30. Determine z(-25).
-445
Let j(d) = -2*d**2 - 76*d + 54. What is j(-39)?
-24
Let l(o) = -2*o**3 + 2*o**2 + 24*o - 22. Determine l(5).
-102
Let d(c) = 9*c**3 - 23*c**2 - 336*c + 7. Give d(-5).
-13
Let t(k) = 22*k**3 + k**2 + 2. What is t(-1)?
-19
Let f(v) = -2*v**3 - 148*v**2 - 7*v - 545. Calculate f(-74).
-27
Let k(c) = -3*c**3 + 146*c**2 - 75*c - 152. Calculate k(48).
856
Let k(f) = -75*f**2 - 13*f + 20. What is k(2)?
-306
Let g(y) = -6*y + 131. Calculate g(17).
29
Let l(p) = -2*p + 68. What is l(37)?
-6
Let r(o) = 18*o**3 + 71*o**2 + 4*o + 35. What is r(-4)?
3
Let g(q) = -64*q**2 - 14143*q + 227. Calculate g(-221).
6
Let o(j) = -46*j + 1056. Determine o(19).
182
Let s(n) = -2*n**2 + 7*n - 126. Calculate s(8).
-198
Let c(z) = 78*z - 2636. What is c(34)?
16
Let q(s) = -7*s**2 + 286*s + 21. Calculate q(41).
-20
Let r(b) = b**3 + 52*b**2 - 2*b + 69. Calculate r(-52).
173
Let a(y) = y**3 - 3*y**2 - 52*y + 241. What is a(5)?
31
Let f(s) = 37*s**2 - 2*s - 8. Give f(2).
136
Let u(x) = -3*x**3 + 425*x**2 + 569*x + 421. What is u(143)?
-8
Let c(m) = 9*m**3 + 102*m**2 + 30*m + 28. Calculate c(-11).
61
Let b(t) = 116*t**2 - 586*t - 3. Give b(5).
-33
Let f(s) = -19*s - 777. Determine f(-24).
-321
Let l(u) = -u**3 + 30*u**2 + 61*u - 929. What is l(31)?
1
Let i(k) = -2035*k - 2041. Calculate i(-1).
-6
Let n(o) = -524*o - 6314. Give n(-12).
-26
Let c(m) = -m**3 - 13*m**2 + 91*m - 38. Calculate c(-18).
-56
Let f(c) = c**2 - 180*c - 2102. What is f(-11)?
-1
Let t(g) = -g**3 - 15*g**2 + 35*g + 110. Give t(-17).
93
Let q(a) = 37*a - 1051. Calculate q(29).
22
Let o(q) = -q**3 + q**2 + 79*q + 31. Calculate o(-8).
-25
Let c(k) = -890*k - 2543. Calculate c(-3).
127
Let z(b) = 1902*b + 53250. Determine z(-28).
-6
Let k(c) = c**3 - 2*c + 4. What is k(-2)?
0
Let t(u) = -10*u**3 - 14*u**2 + 10*u + 20. What is t(-4)?
396
Let r(t) = -t**3 - 11*t**2 + 10*t + 132. Determine r(-10).
-68
Let w(r) = 9*r**2 + 268*r - 19. Give w(-30).
41
Let l(j) = -j**3 + 38*j**2 + 22*j - 2184. Determine l(37).
-1
Let y(n) = 3*n**2 - 7*n - 3. Give y(11).
283
Let k(i) = -2728*i - 13643. Determine k(-5).
-3
Let u(x) = x**2 + 2*x - 5184. Calculate u(-73).
-1
Let r(n) = n**3 - 10*n**2 + 6*n - 5. What is r(8)?
-85
Let u(k) = -2*k**2 - 2055*k - 14267. Determine u(-7).
20
Let g(q) = 36*q**2 - 36*q - 37. Give g(-1).
35
Let q(k) = -k**3 + 37*k**2 - 291*k + 568. Calculate q(27).
1
Let n(k) = -2*k**3 - 15*k**2 - 47*k - 284. Calculate n(-7).
-4
Let g(z) = -z**3 + 43*z**2 - 24*z - 999. What is g(42)?
-243
Let j(w) = -9*w**2 - 50*w + 1. What is j(-5)?
26
Let s(a) = a + 601. What is s(-39)?
562
Let p(l) = -3*l**2 + 13*l - 72. Calculate p(9).
-198
Let n(s) = -s**3 + 9*s**2 - 22*s - 31. Determine n(3).
-43
Let f(o) = -o**2 + 70*o + 947. Give f(-13).
-132
Let o(j) = j**2 - 130*j + 2984. Calculate o(100).
-16
Let i(n) = 77*n - 1577. Give i(21).
40
Let q(g) = 1141*g - 2291. Give q(2).
-9
Let o(t) = -t**2 + 178*t - 5556. What is o(40)?
-36
Let p(m) = -23*m**3 + 184*m**2 + 4*m - 33. Calculate p(8).
-1
Let m(a) = -a**3 + 4*a**2 + 89*a - 43. Give m(11).
89
Let l(r) = 15436*r + 308719. Give l(-20).
-1
Let i(m) = -3*m**2 + 96*m - 594. Give i(28).
-258
Let a(c) = -c**2 - 52*c - 631. What is a(-19)?
-4
Let v(p) = 203*p - 16476. Calculate v(81).
-33
Let z(p) = p**3 + 9*p**2 + 896*p + 10106. What is z(-11)?
8
Let m(s) = -s**2 - 25*s - 111. Calculate m(-20).
-11
Let x(n) = 2*n**3 + 6*n**2 + 14*n + 52. Give x(-4).
-36
Let r(k) = 55*k - 1166. Determine r(22).
44
Let f(n) = -5*n**3 + 36*n**2 - 82*n + 138. Calculate f(5).
3
Let i(b) = -2*b**2 + 275*b + 3916. Give i(-13).
3
Let o(m) = -m**3 + 16*m**2 - 56*m + 518. What is o(15)?
-97
Let l(z) = -53924*z - 53923. What is l(-1)?
1
Let o(h) = -66*h - 1783. What is o(-27)?
-1
Let d(m) = -10*m - 333. Give d(-34).
7
Let i(v) = 6*v**2 - 93*v + 8. What is i(13)?
-187
Let s(x) = -29*x - 208. Calculate s(-7).
-5
Let w(m) = -16*m**2 + 324*m - 76. What is w(20)?
4
Let r(h) = h**3 + 27*h**2 + 21*h - 106. Give r(-26).
24
Let o(l) = -25*l**3 - 28*l**2 + 133*l + 134. Give o(-1).
-2
Let t(s) = 204*s + 1261. What is t(-6)?
37
Let n(m) = -26*m**2 + 462*m + 11. What is n(18)?
-97
Let c(r) = -r**2 - 59*r + 355. Give c(5).
35
Let g(b) = -22*b - 1068. Give g(-49).
10
Let q(v) = v**2 + 7*v + 3. What is q(-3)?
-9
Let p(t) = -31*t + 2803. What is p(90)?
13
Let d(h) = h**3 - 4*h**2 - 8*h + 15. Give d(5).
0
Let p(d) = -550*d + 2037. Determine p(3).
387
Let q(o) = o**3 - 9*o**2 + 4*o - 28. Calculate q(9).
8
Let g(x) = -x**2 - 2*x + 235. What is g(-16)?
11
Let n(y) = -250*y + 4545. Determine n(18).
45
Let r(f) = -f**3 + 10*f**2 + 14*f - 82. Determine r(11).
-49
Let k(c) = c**3 - 44*c**2 - 358*c + 48. What is k(51)?
-3
Let u(q) = -q**3 - 43*q**2 + 97*q - 54. Calculate u(-45).
-369
Let d(z) = -z**2 + 151*z - 3811. Give d(32).
-3
Let r(m) = -2*m**3 - 125*m**2 + 193*m + 154. Calculate r(-64).
90
Let c(q) = q**3 + 10*q**2 - 7*q - 59. Determine c(-10).
11
Let d(w) = -w**3 - 16*w**2 - 14*w + 36. Determine d(-15).
21
Let c(d) = -5*d**2 - 363*d - 569. Give c(-71).
-1
Let h(a) = -a**2 - 28*a + 74. Give h(3).
-19
Let b(m) = -26*m - 73. Calculate b(-11).
213
Let q(d) = -35*d - 12957. Determine q(-370).
-7
Let h(d) = -106*d - 25. What is h(-1)?
81
Let q(b) = -b**3 + 3*b**2 + 32*b + 47. Determine q(9).
-151
Let c(i) = 122*i**2 + 5*i + 1. Determine c(1).
128
Let d(f) = -f**2 + 150*f - 998. What is d(7)?
3
Let n(t) = 4*t**2 - 14*t - 186. Determine n(13).
308
Let s(l) = -l**2 + 171*l + 4472. Calculate s(-23).
10
Let d(t) = -157*t - 125. What is d(-6)?
817
Let o(j) = 28*j - 373. What is o(13)?
-9
Let k(i) = -2*i**3 - 82*i**2 + 2*i + 102. Determine k(-41).
20
Let i(f) = -3*f**2 + 53*f + 7. Calculate i(16).
87
Let p(q) = 252*q + 8777. Calculate p(-35).
-43
Let v(t) = 5*t**2 + 127*t + 203. Give v(-24).
35
Let j(u) = u**3 - 10*u**2 - 29*u + 70. Determine j(12).
10
Let m(o) = o**3 + 43*o**2 - 205*o - 7083. Calculate m(-44).
1
Let x(g) = -44*g - 4655. Calculate x(-107).
53
Let c(u) = 2*u**2 - 21*u - 96. What is c(18)?
174
Let s(v) = 121*v + 16832. What is s(-139)?
13
Let w(f) = 78*f + 578. What is w(-10)?
-202
Let n(m) = -m**3 - 109*m**2 - 229*m - 1598. Calculate n(-107).
7
Let k(b) = 2*b**3 - 28*b**2 - 80*b + 250. Determine k(16).
-6
Let t(s) = 4*s**3 - 233*s**2 + 80*s - 1283. Calculate t(58).
-7
Let p(q) = 312*q**3 - 8*q**2 - 29*q - 21. Determine p(-1).
-312
Let w(p) = -31*p**2 + 1583*p - 110. Give w(51).
-8
Let r(n) = -9*n**2 - 351*n - 3043. Calculate r(-26).
-1
Let w(x) = -x**3 + 11*x**2 + 14*x - 83. Give w(10).
157
Let q(f) = f**2 - 42*f + 431. Give q(19).
-6
Let t(o) = o**3 - 11*o**2 + 65*o - 1184. Give t(13).
-1
Let n(m) = 3*m**3 - 42*m**2 + 65*m + 376. Determine n(11).
2
Let h(n) = -40*n - 3285. Determine h(-83).
35
Let y(g) = -16*g**3 - 299*g**2 + 98*g + 50. What is y(-19)?
-7
Let k(p) = -29*p**2 - 20*p - 20. Calculate k(-1).
-29
Let y(h) = 12*h**2 + 29*h + 27. Calculate y(-1).
10
Let g(k) = -71*k + 2217. Give g(30).
87
Let k(d) = 186*d + 16. Determine k(2).
388
Let j(w) = -882*w - 7053. Determine j(-8).
3
Let y(w) = w**3 - 9*w**2 - 55*w - 26. Give y(-3).
31
Let y(q) = -3*q**3 - 80*q**2 - 92*q - 1089. Determine y(-26).
-49
Let h(p) = 3601*p + 21599. Give h(-6).
-7
Let j(k) = -k**3 - 4*k**2 + 14*k - 12. What is j(-5)?
-57
Let n(d) = -409*d + 6. Give n(1).
-403
Let m(q) = -50*q**2 + 2546*q + 199. What is m(51)?
-5
Let w(y) = y**3 + 14*y**2 - 20*y + 3. What is w(5)?
378
Let a(b) = -18*b**3 + b**2 - 23*b - 3. Calculate a(3).
-549
Let t(o) = 143*o**3 + 4*o**2 - 2. Give t(-1).
-141
Let q(f) = f**3 + 82*f**2 + 19*f + 1562. What is q(-82)?
4
Let i(l) = -7*l**2 + 45*l + 1. What is i(8)?
-87
Let z(g) = 6*g**3 + 43*g**2 + 3*g - 8. Determine z(-9).
-926
Let x(w) = 47*w - 154. Calculate x(6).
128
Let h(y) = 11*y**3 + 251*y**2 - 28*y + 418. What is h(-23)?
4
Let u(v) = -3*v**2 - 38*v - 66. Determine u(-2).
-2
Let m(r) = -158*r + 4804. Calculate m(31).
-94
Let q(b) = -2*b**3 + 33*b**2 - 14*b - 158. Give q(16).
-126
Let h(w) = w**2 - 11*w - 256. What is h(17)?
-154
Let p(n) = n**3 - 16*n**2 - 13*n + 387. Give p(15).
-33
Let m(n) = 3*n**2 + 2*n - 1. Determine m(2).
15
Let g(p) = 2*p**3 - 51*p + 278. Give g(5).
273
Let y(g) = g**2 - 11*g - 474. Give y(28).
2
Let g(m) = m**2 + 83*m - 6475. Give g(-132).
-7
Let m(l) = -2*l**